+ 1. What is z(-1)?
3
Let n(v) = v**3 + 9*v**2 + 14*v - 17. Calculate n(-7).
-17
Let n(c) = c**2 + 6*c + 10. Give n(-8).
26
Let k(s) = -s**2 - 69*s + 372. Determine k(5).
2
Let y(w) = 2*w**2 - 13*w - 10. What is y(8)?
14
Let b(w) = -w**3 + 5*w**2 - w + 4. Determine b(5).
-1
Let f(p) = -46*p - 91. Determine f(-2).
1
Let a(n) = -9*n - 3. What is a(-5)?
42
Let p(g) = -g**3 + 4*g**2 + 2*g + 7. Give p(5).
-8
Let m(n) = -n**3 + 7*n**2 - 10*n + 4. Give m(5).
4
Let d(v) = v**3 - 6*v**2 - 9*v - 4. What is d(7)?
-18
Let q(o) = -39*o + 1. What is q(1)?
-38
Let q(x) = x**2 + x - 5. Calculate q(-4).
7
Let q(v) = -2*v**3 - 17*v**2 - 5*v + 11. Calculate q(-8).
-13
Let t(k) = 20*k + 57. Determine t(-3).
-3
Let g(f) = f**2 - 11*f - 3. Give g(14).
39
Let f(n) = -13*n + 23. Determine f(8).
-81
Let p(j) = -j**3 - j**2 + 2*j + 7. Give p(3).
-23
Let p(b) = -2*b - 32. Give p(-6).
-20
Let v(m) = -m**3 - 3*m**2 - 42*m - 363. Determine v(-6).
-3
Let u(a) = -17*a - 864. What is u(-51)?
3
Let k(u) = u**2 + 16*u + 21. Calculate k(-15).
6
Let q(v) = 32*v + 83. What is q(-7)?
-141
Let x(m) = 2*m**2 - 52*m + 4. Determine x(24).
-92
Let u(n) = -n**3 + 8*n**2 - n - 10. What is u(3)?
32
Let r(f) = 8*f - 5. Determine r(7).
51
Let f(k) = k**2 - 15*k + 23. Determine f(13).
-3
Let n(t) = t**3 - 15*t**2 - 15*t - 20. What is n(16)?
-4
Let s(l) = 26*l - 2. Calculate s(-1).
-28
Let c(x) = 2*x**2 - 3*x - 1. What is c(3)?
8
Let p(v) = -v**2 - 3*v - 1. Calculate p(-4).
-5
Let o(y) = -y**2 - 5*y + 3. Give o(1).
-3
Let q(d) = -d**2 - 11*d + 46. Give q(-20).
-134
Let d(m) = 3*m**2 + 80*m - 47. Calculate d(-27).
-20
Let m(t) = -t**2 - 3*t - 2. What is m(-4)?
-6
Let h(g) = -g + 8. Give h(3).
5
Let m(f) = -6*f. What is m(1)?
-6
Let v(t) = t**3 + 15*t**2 - 22*t - 30. Calculate v(-16).
66
Let l(m) = -45*m + 133. Give l(5).
-92
Let n(t) = t**3 - 60*t**2 - 51*t - 606. Determine n(61).
4
Let a(p) = 25*p + 104. What is a(-4)?
4
Let d(s) = 10*s**2 + s + 5. Determine d(-2).
43
Let i(d) = d**3 + 27*d**2 - 27*d - 44. Calculate i(-28).
-72
Let y(v) = -7*v - 37. Calculate y(-5).
-2
Let f(z) = z**3 + 4*z**2 + 7*z + 10. What is f(-3)?
-2
Let j(h) = -h**2 - 14*h - 7. What is j(-14)?
-7
Let j(g) = -3*g**2 - 10*g + 79. What is j(4)?
-9
Let w(m) = 16*m - 39. Give w(2).
-7
Let f(g) = g**2 + 45*g + 132. What is f(-42)?
6
Let c(h) = h**3 + 6*h**2 + 2*h - 3. Give c(-4).
21
Let p(a) = -a**3 + 3*a**2 - a + 4. Give p(3).
1
Let h(a) = a**2 + 28*a - 55. Calculate h(-30).
5
Let s(n) = 95*n + 6. What is s(2)?
196
Let m(z) = z**2 + 16*z - 14. Give m(0).
-14
Let a(f) = -f**3 - 19*f**2 - 14*f + 76. What is a(-18)?
4
Let d(b) = b**2 - 10*b + 12. What is d(10)?
12
Let s(h) = h - 5. Calculate s(-3).
-8
Let d(i) = 3*i + 12. Determine d(-7).
-9
Let i(f) = -4*f**2 - 30*f - 1. What is i(-7)?
13
Let y(v) = 3*v + 15. Calculate y(-6).
-3
Let b(t) = -t**3 + 4*t**2 - 2*t - 10. Calculate b(2).
-6
Let k(x) = x**3 - 46*x**2 - x + 43. Calculate k(46).
-3
Let f(u) = u**3 + 9*u**2 + 6*u - 13. Calculate f(-8).
3
Let c(u) = -3*u + 6. Calculate c(-3).
15
Let a(u) = -2*u**3 - u**2 + 4*u. Determine a(-2).
4
Let z(r) = -r**2 + 7*r + 67. Determine z(12).
7
Let s(n) = -n**3 + 4*n**2 + 2*n - 8. Give s(4).
0
Let w(i) = -9*i + 19. Give w(5).
-26
Let m(z) = -5*z + 55. Give m(-11).
110
Let l(z) = -z**3 - 5*z**2 + z - 2. Calculate l(-6).
28
Let a(h) = h + 2. Determine a(4).
6
Let s(x) = -x**3 - x**2 + 2*x - 1. Determine s(2).
-9
Let x(o) = -5*o**2 + 3*o - 4. What is x(1)?
-6
Let j(m) = m**2 - 4*m - 10. Determine j(6).
2
Let b(z) = z**2 + 8*z + 5. Give b(-10).
25
Let r(y) = 9*y - 210. Determine r(24).
6
Let k(r) = -r**2 + 2*r + 6. What is k(4)?
-2
Let y(b) = -4*b - 5. Give y(0).
-5
Let b(d) = d**2 + 5*d - 9. Give b(-6).
-3
Let j(a) = -7*a + 2. What is j(-2)?
16
Let u(i) = -i**2 + 6*i + 21. Determine u(9).
-6
Let c(z) = -z**2 + 9*z + 250. What is c(-12)?
-2
Let z(o) = 5*o - 10. What is z(3)?
5
Let t(k) = 30*k + 19. What is t(4)?
139
Let j(m) = 4*m**2 + m - 2. What is j(0)?
-2
Let n(g) = -7*g**3 - 3*g**2 + 3*g. Determine n(2).
-62
Let j(v) = v**3 - 8*v**2 - 9*v - 11. Give j(9).
-11
Let x(v) = -v**2 + 17*v + 71. Give x(-4).
-13
Let r(a) = -a**3 - 13*a**2 - 38*a - 302. Calculate r(-12).
10
Let y(q) = -q**2 - 9*q + 11. Determine y(-9).
11
Let o(h) = -4*h**2 + 2*h + 1. Calculate o(4).
-55
Let n(l) = -l**2 - 7*l + 19. What is n(-10)?
-11
Let z(b) = 4*b**3 - b**2 + b. Give z(-1).
-6
Let y(r) = -r**3 + 19*r**2 - 21*r + 71. What is y(18)?
17
Let y(r) = -r**3 + 39*r**2 - 69*r - 183. Calculate y(37).
2
Let w(q) = q - 6. Give w(10).
4
Let b(t) = t**3 - 7*t**2 + t + 9. Calculate b(7).
16
Let f(u) = 4*u**2 + 6*u + 1. Determine f(4).
89
Let r(t) = 5*t**2 + 12*t - 1. What is r(-5)?
64
Let q(t) = -t**3 + 9*t - 5. Give q(4).
-33
Let o(z) = z**2 - 2*z - 33. Give o(-5).
2
Let l(c) = -2*c**3 + 3*c**2 + 6*c - 7. Determine l(3).
-16
Let f(w) = -w**2 + w + 2. Determine f(-3).
-10
Let i(o) = 16*o + 15. Calculate i(-4).
-49
Let l(a) = -a**3 + 2*a**2 + 7*a - 9. What is l(3)?
3
Let n(j) = -22*j + 1. Determine n(-1).
23
Let t(c) = -c**2 - 20*c - 83. Calculate t(-13).
8
Let z(v) = 40*v + 82. What is z(-2)?
2
Let g(n) = n**2 + 2*n. Calculate g(0).
0
Let m(q) = q**3 + 2*q**2 - 9*q - 25. Determine m(-3).
-7
Let q(j) = 3*j**3 + 2*j**2 - 1. Calculate q(1).
4
Let v(d) = 88*d - 88. Give v(1).
0
Let w(v) = v**3 - 3*v**2 - 7*v + 2. Determine w(-3).
-31
Let v(k) = -k**2 - 1. Calculate v(-1).
-2
Let n(c) = -c**2 - 7*c + 19. What is n(-9)?
1
Let s(h) = 18*h + 2. Calculate s(-1).
-16
Let n(k) = -72*k + 287. Determine n(4).
-1
Let h(f) = 21*f - 8. Determine h(4).
76
Let m(p) = p**2 + 4*p + 1. What is m(-5)?
6
Let k(y) = -3*y - 9. What is k(-3)?
0
Let q(z) = -29*z**2 - 11*z - 10. Determine q(-1).
-28
Let n(p) = -2*p**3 - 13*p**2 - 15*p - 43. Determine n(-6).
11
Let c(u) = 5*u + 8. Calculate c(12).
68
Let j(z) = 2*z**2 + 9*z + 11. Give j(-6).
29
Let l(r) = -20*r - 192. Determine l(-10).
8
Let d(o) = 92*o**2 + 5*o + 4. Give d(-1).
91
Let a(x) = -2*x**3 - 13*x**2 + 11*x + 5. Determine a(-7).
-23
Let j(w) = 9*w - 2. What is j(2)?
16
Let s(d) = d**3 + 22*d**2 + 19*d - 49. Determine s(-21).
-7
Let u(c) = -c - 10. Give u(-7).
-3
Let g(u) = -88*u + 970. What is g(11)?
2
Let r(y) = y**3 + 15*y**2 - 16*y + 12. Calculate r(-16).
12
Let b(u) = -15*u + 28. Give b(2).
-2
Let i(z) = 3*z**2 + 11*z + 4. Calculate i(-6).
46
Let j(k) = k**3 - 13*k**2 - 14*k + 3. Determine j(14).
3
Let l(b) = -12*b + 61. Give l(10).
-59
Let h(i) = -i**3 + 9*i**2 + 21*i - 4. Calculate h(11).
-15
Let r(x) = x**2 + 16*x. Calculate r(-16).
0
Let l(u) = 3*u + 74. Give l(-29).
-13
Let y(k) = -k**3 + 12*k**2 - 9*k - 22. Calculate y(11).
0
Let s(p) = 50*p + 4. Give s(1).
54
Let x(g) = 8*g - 3. What is x(-2)?
-19
Let r(k) = 25*k - 68. Give r(3).
7
Let y(f) = 26*f + 1. Calculate y(-3).
-77
Let m(i) = 8*i**2 - 127*i - 17. Give m(16).
-1
Let i(v) = v**2 + 20*v - 2. Give i(-20).
-2
Let y(q) = -q**2 + 17*q + 14. Calculate y(16).
30
Let y(q) = q**2 + 2*q - 2. Give y(-5).
13
Let d(v) = -2*v**2 + 20*v + 1. Calculate d(10).
1
Let h(d) = 49*d - 685. What is h(14)?
1
Let n(o) = o**3 - 27*o**2 + 30*o - 102. Calculate n(26).
2
Let o(y) = -y**2 + 23*y - 73. Give o(20).
-13
Let t(x) = -4*x + 10. Calculate t(8).
-22
Let z(m) = -14*m - 1. What is z(-3)?
41
Let m(n) = -19*n + 90. Give m(5).
-5
Let s(v) = -v**2 + 12*v - 40. What is s(3)?
-13
Let z(w) = w**2 + 22*w - 104. Calculate z(4).
0
Let z(l) = -2*l**3 + 4*l**2 - l + 14. What is z(0)?
14
Let m(o) = o**3 - 9*o**2 - 11*o + 14. Give m(10).
4
Let u(m) = -m**3 - 11*m**2 + 25*m + 3. Determine u(2).
1
Let v(q) = -q**3 + 3*q**2 + q + 20. Calculate v(4).
8
Let z(t) = -45*t**3 + t**2 - t - 2. Calculate z(-1).
45
Let z(n) = 8*n + 33. Give z(-2).
17
Let d(y) = y**2 + 15*y + 10. Determine d(-14).
-4
Let c(z) = -z**2 - 16*z - 67. Calculate c(-10).
-7
Let b(d) = -4*d - 44. Give b(-11).
0
Let c(z) = -2*z**2 + 6*z. Determine c(5).
-20
Let k(o) = -6*o - 16. Give k(-3).
2
Let g(k) = -k**3 + 5*k**2. Calculate g(4).
16
Let z(d) = d**2 + 18*d + 33. Give z(-16).
1
Let x(n) = -n**2 + 4*n + 1. What is x(3)?
4
Let s(v) = -4*v**2 + 8*v + 9. Calculate s(-4).
-87
Let u(q) = -13*q - 7. What is u(3)?
-46
Let d(t) = -52*t - 154. Give d(-3).
2
Let h(f) = -2*f**3 - 11*f**2 - 10*f + 7. What is h(-4)?
-1
Let s(l) = -2*l - 23. What is s(-11)?
